{"id":208,"date":"2020-04-29T18:21:53","date_gmt":"2020-04-29T16:21:53","guid":{"rendered":"http:\/\/dev.rats8961.odns.fr\/?page_id=208"},"modified":"2022-01-27T22:11:13","modified_gmt":"2022-01-27T21:11:13","slug":"jeux-bibliques","status":"publish","type":"page","link":"https:\/\/fpma-vincennes.fr\/index.php\/jeux-bibliques\/","title":{"rendered":"Jeux bibliques"},"content":{"rendered":"\r\n<div class=\"my-entry-content\">\r\n\r\n\r\n<p>Le Pasteur Zaranaina nous propose r\u00e9guli\u00e8rement des jeux bibliques. Cette page servira \u00e0 les poster afin que vous apprenez plus de la Bible en s&rsquo;amusant.<\/p>\r\n\r\n\r\n\r\n<figure class=\"wp-block-table\">\r\n<table>\r\n<tbody>\r\n<tr>\r\n<td class=\"has-text-align-center\" data-align=\"center\"><em><strong>Noms<\/strong><\/em><\/td>\r\n<td class=\"has-text-align-center\" data-align=\"center\"><em><strong>\u00c9nonc\u00e9s<\/strong><\/em><\/td>\r\n<td class=\"has-text-align-center\" data-align=\"center\"><strong><em>Solutions<\/em><\/strong><\/td>\r\n<\/tr>\r\n<tr>\r\n<td class=\"has-text-align-center\" data-align=\"center\">JEU 2\u00a0 : MOTS CROIS\u00c9S<\/td>\r\n<td class=\"has-text-align-center\" data-align=\"center\"><a href=\"http:\/\/dev.rats8961.odns.fr\/wp-content\/uploads\/2020\/05\/Jeu_2.doc\"><img decoding=\"async\" class=\"image-dans-tableau\" src=\"http:\/\/dev.rats8961.odns.fr\/wp-content\/uploads\/2020\/05\/word_icones.png\" alt=\"t\u00e9l\u00e9charger\" \/> <\/a><\/td>\r\n<td class=\"has-text-align-center\" data-align=\"center\"><a href=\"http:\/\/dev.rats8961.odns.fr\/wp-content\/uploads\/2020\/05\/Jeu_2_R.doc\"><img decoding=\"async\" class=\"image-dans-tableau\" src=\"http:\/\/dev.rats8961.odns.fr\/wp-content\/uploads\/2020\/05\/word_icones.png\" alt=\"t\u00e9l\u00e9charger\" \/> <\/a><\/td>\r\n<\/tr>\r\n<tr>\r\n<td class=\"has-text-align-center\" data-align=\"center\">JEU 3\u00a0: MOTS M\u00caL\u00c9S<\/td>\r\n<td class=\"has-text-align-center\" data-align=\"center\"><a href=\"http:\/\/dev.rats8961.odns.fr\/wp-content\/uploads\/2020\/05\/Jeu_3.doc\"><img decoding=\"async\" class=\"image-dans-tableau\" src=\"http:\/\/dev.rats8961.odns.fr\/wp-content\/uploads\/2020\/05\/word_icones.png\" alt=\"t\u00e9l\u00e9charger\" \/> <\/a><\/td>\r\n<td class=\"has-text-align-center\" data-align=\"center\"><a href=\"http:\/\/dev.rats8961.odns.fr\/wp-content\/uploads\/2020\/05\/Jeu_3_R.doc\"><img decoding=\"async\" class=\"image-dans-tableau\" src=\"http:\/\/dev.rats8961.odns.fr\/wp-content\/uploads\/2020\/05\/word_icones.png\" alt=\"t\u00e9l\u00e9charger\" \/> <\/a><\/td>\r\n<\/tr>\r\n<tr>\r\n<td class=\"has-text-align-center\" data-align=\"center\">JEU 4\u00a0: MOTS CROIS\u00c9S<\/td>\r\n<td class=\"has-text-align-center\" data-align=\"center\"><a href=\"http:\/\/dev.rats8961.odns.fr\/wp-content\/uploads\/2020\/05\/Jeu_4.docx\"><img decoding=\"async\" class=\"image-dans-tableau\" src=\"http:\/\/dev.rats8961.odns.fr\/wp-content\/uploads\/2020\/05\/word_icones.png\" alt=\"t\u00e9l\u00e9charger\" \/> <\/a><\/td>\r\n<td class=\"has-text-align-center\" data-align=\"center\">\u00a0 <a href=\"http:\/\/dev.rats8961.odns.fr\/wp-content\/uploads\/2020\/05\/Jeu_4_R.docx\"><img decoding=\"async\" class=\"image-dans-tableau\" src=\"http:\/\/dev.rats8961.odns.fr\/wp-content\/uploads\/2020\/05\/word_icones.png\" alt=\"t\u00e9l\u00e9charger\" \/> <\/a><\/td>\r\n<\/tr>\r\n<tr>\r\n<td class=\"has-text-align-center\" data-align=\"center\">JEU 5\u00a0: Les fils d\u2019Isra\u00ebl<\/td>\r\n<td class=\"has-text-align-center\" data-align=\"center\"><a href=\"http:\/\/dev.rats8961.odns.fr\/wp-content\/uploads\/2020\/05\/Jeu_5.doc\"><img decoding=\"async\" class=\"image-dans-tableau\" src=\"http:\/\/dev.rats8961.odns.fr\/wp-content\/uploads\/2020\/05\/word_icones.png\" alt=\"t\u00e9l\u00e9charger\" \/> <\/a><\/td>\r\n<td class=\"has-text-align-center\" data-align=\"center\">\u00a0<a href=\"http:\/\/dev.rats8961.odns.fr\/wp-content\/uploads\/2020\/06\/Jeu_5_R.doc\"><img decoding=\"async\" class=\"image-dans-tableau\" src=\"http:\/\/dev.rats8961.odns.fr\/wp-content\/uploads\/2020\/05\/word_icones.png\" alt=\"t\u00e9l\u00e9charger\" \/> <\/a><\/td>\r\n<\/tr>\r\n<tr>\r\n<td class=\"has-text-align-center\" data-align=\"center\">JEU 6\u00a0: Qui suis-je\u00a0?<\/td>\r\n<td class=\"has-text-align-center\" data-align=\"center\"><a href=\"http:\/\/dev.rats8961.odns.fr\/wp-content\/uploads\/2020\/06\/Jeu_6.docx\"><img decoding=\"async\" class=\"image-dans-tableau\" src=\"http:\/\/dev.rats8961.odns.fr\/wp-content\/uploads\/2020\/05\/word_icones.png\" alt=\"t\u00e9l\u00e9charger\" \/> <\/a><\/td>\r\n<td class=\"has-text-align-center\" data-align=\"center\">\u00a0 <a href=\"https:\/\/fpma-vincennes.fr\/wp-content\/uploads\/2020\/07\/Jeu_6_R.docx\"><img decoding=\"async\" class=\"image-dans-tableau\" src=\"http:\/\/dev.rats8961.odns.fr\/wp-content\/uploads\/2020\/05\/word_icones.png\" alt=\"t\u00e9l\u00e9charger\" \/> <\/a><\/td>\r\n<\/tr>\r\n<tr>\r\n<td class=\"has-text-align-center\" data-align=\"center\">JEU 7\u00a0: Qui suis-je\u00a0?<\/td>\r\n<td class=\"has-text-align-center\" data-align=\"center\"><a href=\"https:\/\/fpma-vincennes.fr\/wp-content\/uploads\/2020\/07\/Jeu_7.docx\"><img decoding=\"async\" class=\"image-dans-tableau\" src=\"http:\/\/dev.rats8961.odns.fr\/wp-content\/uploads\/2020\/05\/word_icones.png\" alt=\"t\u00e9l\u00e9charger\" \/> <\/a><\/td>\r\n<td class=\"has-text-align-center\" data-align=\"center\">\u00a0 <a href=\"https:\/\/fpma-vincennes.fr\/wp-content\/uploads\/2020\/11\/Jeu_7_R.docx\"><img decoding=\"async\" class=\"image-dans-tableau\" src=\"http:\/\/dev.rats8961.odns.fr\/wp-content\/uploads\/2020\/05\/word_icones.png\" alt=\"t\u00e9l\u00e9charger\" \/> <\/a><\/td>\r\n<\/tr>\r\n<tr>\r\n<td class=\"has-text-align-center\" data-align=\"center\">JEU 8\u00a0: Qui est J\u00e9sus?<\/td>\r\n<td class=\"has-text-align-center\" data-align=\"center\"><a href=\"https:\/\/fpma-vincennes.fr\/wp-content\/uploads\/2020\/11\/Jeu_8.docx\"><img decoding=\"async\" class=\"image-dans-tableau\" src=\"http:\/\/dev.rats8961.odns.fr\/wp-content\/uploads\/2020\/05\/word_icones.png\" alt=\"t\u00e9l\u00e9charger\" \/> <\/a><\/td>\r\n<td class=\"has-text-align-center\" data-align=\"center\">\u00a0 <a href=\"https:\/\/fpma-vincennes.fr\/wp-content\/uploads\/2021\/02\/Jeu_8_R.docx\"><img decoding=\"async\" class=\"image-dans-tableau\" src=\"http:\/\/dev.rats8961.odns.fr\/wp-content\/uploads\/2020\/05\/word_icones.png\" alt=\"t\u00e9l\u00e9charger\" \/> <\/a><\/td>\r\n<\/tr>\r\n<tr>\r\n<td class=\"has-text-align-center\" data-align=\"center\">JEU 9\u00a0: Que veut dire Christ?<\/td>\r\n<td class=\"has-text-align-center\" data-align=\"center\"><a href=\"https:\/\/fpma-vincennes.fr\/wp-content\/uploads\/2021\/02\/Jeu_9.docx\"><img decoding=\"async\" class=\"image-dans-tableau\" src=\"http:\/\/dev.rats8961.odns.fr\/wp-content\/uploads\/2020\/05\/word_icones.png\" alt=\"t\u00e9l\u00e9charger\" \/> <\/a><\/td>\r\n<td class=\"has-text-align-center\" data-align=\"center\"><a href=\"https:\/\/fpma-vincennes.fr\/wp-content\/uploads\/2022\/01\/R\u00e9ponse_JEU_9.docx\"><img loading=\"lazy\" decoding=\"async\" class=\"image-dans-tableau alignnone\" src=\"http:\/\/dev.rats8961.odns.fr\/wp-content\/uploads\/2020\/05\/word_icones.png\" alt=\"t\u00e9l\u00e9charger\" width=\"95\" height=\"24\" \/><\/a><\/td>\r\n<\/tr>\r\n<\/tbody>\r\n<\/table>\r\n<\/figure>\r\n\r\n\r\n<\/div>\r\n","protected":false},"excerpt":{"rendered":"<p>Le Pasteur Zaranaina nous propose r\u00e9guli\u00e8rement des jeux bibliques. Cette page servira \u00e0 les poster afin que vous apprenez plus de la Bible en s&rsquo;amusant. Noms \u00c9nonc\u00e9s Solutions JEU 2\u00a0 : MOTS CROIS\u00c9S JEU 3\u00a0: MOTS M\u00caL\u00c9S JEU 4\u00a0: MOTS CROIS\u00c9S \u00a0 JEU 5\u00a0: Les fils d\u2019Isra\u00ebl \u00a0 JEU 6\u00a0: Qui suis-je\u00a0? \u00a0 JEU 7\u00a0: Qui suis-je\u00a0? \u00a0 JEU 8\u00a0: Qui est J\u00e9sus? \u00a0 JEU 9\u00a0: Que veut dire Christ?<\/p>\n","protected":false},"author":1,"featured_media":0,"parent":0,"menu_order":0,"comment_status":"closed","ping_status":"closed","template":"","meta":{"inline_featured_image":false,"footnotes":""},"class_list":["post-208","page","type-page","status-publish","hentry"],"_links":{"self":[{"href":"https:\/\/fpma-vincennes.fr\/index.php\/wp-json\/wp\/v2\/pages\/208","targetHints":{"allow":["GET"]}}],"collection":[{"href":"https:\/\/fpma-vincennes.fr\/index.php\/wp-json\/wp\/v2\/pages"}],"about":[{"href":"https:\/\/fpma-vincennes.fr\/index.php\/wp-json\/wp\/v2\/types\/page"}],"author":[{"embeddable":true,"href":"https:\/\/fpma-vincennes.fr\/index.php\/wp-json\/wp\/v2\/users\/1"}],"replies":[{"embeddable":true,"href":"https:\/\/fpma-vincennes.fr\/index.php\/wp-json\/wp\/v2\/comments?post=208"}],"version-history":[{"count":25,"href":"https:\/\/fpma-vincennes.fr\/index.php\/wp-json\/wp\/v2\/pages\/208\/revisions"}],"predecessor-version":[{"id":1693,"href":"https:\/\/fpma-vincennes.fr\/index.php\/wp-json\/wp\/v2\/pages\/208\/revisions\/1693"}],"wp:attachment":[{"href":"https:\/\/fpma-vincennes.fr\/index.php\/wp-json\/wp\/v2\/media?parent=208"}],"curies":[{"name":"wp","href":"https:\/\/api.w.org\/{rel}","templated":true}]}}