{"id":34,"date":"2020-04-25T15:07:17","date_gmt":"2020-04-25T13:07:17","guid":{"rendered":"http:\/\/dev.rats8961.odns.fr\/?page_id=34"},"modified":"2024-10-15T21:41:53","modified_gmt":"2024-10-15T19:41:53","slug":"info-pratiques","status":"publish","type":"page","link":"https:\/\/fpma-vincennes.fr\/index.php\/info-pratiques\/","title":{"rendered":"Info Pratiques"},"content":{"rendered":"\r\n<p>Les cultes de la\u00a0 Fpma Vincennes se d\u00e9roulent au 15 rue fraternit\u00e9 Vincennes 94300 tous les dimanches \u00e0 15h .\u00a0<\/p>\r\n<div id=\"wpgmza_map\" class=\"wpgmza_map\" data-settings='{\"id\":\"1\",\"map_title\":\"vincennes\",\"map_width\":\"100\",\"map_height\":\"400\",\"map_start_lat\":\"48.849433\",\"map_start_lng\":\"2.432711\",\"map_start_location\":\"48.849432699999994,2.4327113\",\"map_start_zoom\":\"11\",\"default_marker\":\"0\",\"type\":\"1\",\"alignment\":\"4\",\"directions_enabled\":\"1\",\"styling_enabled\":\"0\",\"styling_json\":\"\",\"active\":\"0\",\"kml\":\"\",\"bicycle\":\"0\",\"traffic\":\"0\",\"dbox\":\"1\",\"dbox_width\":\"100\",\"listmarkers\":\"0\",\"listmarkers_advanced\":\"0\",\"filterbycat\":\"0\",\"ugm_enabled\":\"0\",\"ugm_category_enabled\":\"0\",\"fusion\":\"\",\"map_width_type\":\"\\\\%\",\"map_height_type\":\"px\",\"mass_marker_support\":\"1\",\"ugm_access\":\"0\",\"order_markers_by\":\"1\",\"order_markers_choice\":\"2\",\"show_user_location\":\"0\",\"default_to\":\"\",\"other_settings\":{\"store_locator_enabled\":2,\"store_locator_distance\":2,\"store_locator_default_radius\":10,\"store_locator_not_found_message\":\"No results found in this location. Please try again.\",\"store_locator_bounce\":1,\"store_locator_query_string\":\"Code Postal \\\/ Adresse\",\"store_locator_default_address\":\"\",\"wpgmza_store_locator_restrict\":\"\",\"wpgmza_store_locator_radius_style\":\"modern\",\"map_max_zoom\":\"1\",\"transport_layer\":0,\"wpgmza_show_points_of_interest\":0,\"wpgmza_auto_night\":0}}' data-map-id='1' Data-maps-engine='open-layers' data-shortcode-attributes='{\"id\":\"1\"}' style=\"display:block; overflow:auto; width:100%; height:400px; float:left;\"><\/div>\r\n\r\n\r\n\r\n<p>&nbsp;<\/p>\r\n\r\n\r\n\r\n<div class=\"wp-block-media-text alignwide\">\r\n<figure class=\"wp-block-media-text__media\"><img loading=\"lazy\" decoding=\"async\" width=\"480\" height=\"280\" class=\"wp-image-103\" src=\"https:\/\/fpma-vincennes.fr\/wp-content\/uploads\/2020\/04\/transportencommun.png\" alt=\"\" srcset=\"https:\/\/fpma-vincennes.fr\/wp-content\/uploads\/2020\/04\/transportencommun.png 480w, https:\/\/fpma-vincennes.fr\/wp-content\/uploads\/2020\/04\/transportencommun-300x175.png 300w, https:\/\/fpma-vincennes.fr\/wp-content\/uploads\/2020\/04\/transportencommun-463x270.png 463w\" sizes=\"auto, (max-width: 480px) 100vw, 480px\" \/><\/figure>\r\n<div class=\"wp-block-media-text__content\">\r\n<p class=\"has-large-font-size\">Acc\u00e8s<\/p>\r\n\r\n\r\n\r\n<ul class=\"wp-block-list\">\r\n<li><strong>RER A : Vincennes<\/strong><\/li>\r\n<li><strong>M1 : Berault<\/strong><\/li>\r\n<li><strong>Bus 318 : Fraternit\u00e9<\/strong><\/li>\r\n<li><strong>Bus 115 : Montreuil<\/strong><\/li>\r\n<\/ul>\r\n<\/div>\r\n<\/div>\r\n\r\n\r\n<hr size=\"10\" \/>\r\n\r\n\r\n<p>&nbsp;<\/p>\r\n\r\n\r\n\r\n<figure class=\"wp-block-pullquote has-background has-very-light-gray-background-color is-style-solid-color\">\r\n<blockquote class=\"has-text-color has-very-dark-gray-color\">\r\n<p>\u00c9crivez nous au<\/p>\r\n<cite>secretaire@fpma-vincennes.org<\/cite><\/blockquote>\r\n<blockquote><em>mpitantsoratra@fpma-vincennes.org<\/em><\/blockquote>\r\n<\/figure>\r\n","protected":false},"excerpt":{"rendered":"<p>Les cultes de la\u00a0 Fpma Vincennes se d\u00e9roulent au 15 rue fraternit\u00e9 Vincennes 94300 tous les dimanches \u00e0 15h .\u00a0 &nbsp; Acc\u00e8s RER A : Vincennes M1 : Berault Bus 318 : Fraternit\u00e9 Bus 115 : Montreuil &nbsp; \u00c9crivez nous au secretaire@fpma-vincennes.org mpitantsoratra@fpma-vincennes.org<\/p>\n","protected":false},"author":1,"featured_media":0,"parent":0,"menu_order":0,"comment_status":"closed","ping_status":"closed","template":"","meta":{"inline_featured_image":false,"footnotes":""},"class_list":["post-34","page","type-page","status-publish","hentry"],"_links":{"self":[{"href":"https:\/\/fpma-vincennes.fr\/index.php\/wp-json\/wp\/v2\/pages\/34","targetHints":{"allow":["GET"]}}],"collection":[{"href":"https:\/\/fpma-vincennes.fr\/index.php\/wp-json\/wp\/v2\/pages"}],"about":[{"href":"https:\/\/fpma-vincennes.fr\/index.php\/wp-json\/wp\/v2\/types\/page"}],"author":[{"embeddable":true,"href":"https:\/\/fpma-vincennes.fr\/index.php\/wp-json\/wp\/v2\/users\/1"}],"replies":[{"embeddable":true,"href":"https:\/\/fpma-vincennes.fr\/index.php\/wp-json\/wp\/v2\/comments?post=34"}],"version-history":[{"count":31,"href":"https:\/\/fpma-vincennes.fr\/index.php\/wp-json\/wp\/v2\/pages\/34\/revisions"}],"predecessor-version":[{"id":2993,"href":"https:\/\/fpma-vincennes.fr\/index.php\/wp-json\/wp\/v2\/pages\/34\/revisions\/2993"}],"wp:attachment":[{"href":"https:\/\/fpma-vincennes.fr\/index.php\/wp-json\/wp\/v2\/media?parent=34"}],"curies":[{"name":"wp","href":"https:\/\/api.w.org\/{rel}","templated":true}]}}