{"id":3602,"date":"2025-10-24T17:52:29","date_gmt":"2025-10-24T15:52:29","guid":{"rendered":"https:\/\/fpma-vincennes.fr\/?page_id=3602"},"modified":"2025-10-25T16:04:54","modified_gmt":"2025-10-25T14:04:54","slug":"celebration-15eme-anniversaire","status":"publish","type":"page","link":"https:\/\/fpma-vincennes.fr\/index.php\/celebration-15eme-anniversaire\/","title":{"rendered":"C\u00e9l\u00e9bration du 15\u00e8me Anniversaire"},"content":{"rendered":"<div class=\"fpma-anniv15\">\n<div class=\"hero\">\n<div class=\"hero-content\">\n<div class=\"shine-zone\">\n<div class=\"anniversary-badge\">15\u00e8me<\/div>\n<h1>Anniversaire<\/h1>\n<\/div>\n<p class=\"tagline\">FPMA Vincennes \u2022 Fiangonana Velona Ka Miasa<\/p>\n<div class=\"verse\">\u00ab\u00a0Ainsi, mes fr\u00e8res bien-aim\u00e9s, soyez fermes, in\u00e9branlables, travaillant de mieux en mieux \u00e0 l&rsquo;\u0153uvre du Seigneur, sachant que votre travail ne sera pas vain dans le Seigneur.\u00a0\u00bb<br \/>\n<strong>1 Corinthiens 15:58<\/strong><\/div>\n<p style=\"font-size: 24px; font-weight: bold; margin-top: 20px; color: var(--gold);\">2010 &#8211; 2025 \u2022 15 Ans<\/p>\n<\/div>\n<\/div>\n<p><!-- Programme --><\/p>\n<section class=\"programme-section\">\n<h2 class=\"section-title\">\ud83c\udf89 Programme des C\u00e9l\u00e9brations<\/h2>\n<div class=\"events-grid\">\n<div class=\"event-card\">\n<div class=\"event-header\">\n<div class=\"event-date\">9 Novembre 2025<\/div>\n<h3 class=\"event-title\">Culte de C\u00e9l\u00e9bration<\/h3>\n<\/div>\n<div class=\"event-body\">\n<div class=\"event-detail\"><strong>\ud83d\udcc5 Horaire :<\/strong>15h00<\/div>\n<div class=\"event-detail\"><strong>\ud83d\udccd Lieu :<\/strong>15 Rue de la Fraternit\u00e9<br \/>\n94300 Vincennes<\/div>\n<div class=\"event-detail\"><strong>\ud83c\udfaf Type :<\/strong>Culte d&rsquo;Action de Gr\u00e2ce<\/div>\n<p style=\"margin-top: 20px; font-style: italic; color: #666;\">Un moment solennel pour rendre gr\u00e2ce \u00e0 Dieu pour 15 ann\u00e9es de b\u00e9n\u00e9dictions et de fid\u00e9lit\u00e9.<\/p>\n<\/div>\n<\/div>\n<div class=\"event-card\">\n<div class=\"event-header\">\n<div class=\"event-date\">29 Novembre 2025<\/div>\n<h3 class=\"event-title\">Soir\u00e9e de Gala<\/h3>\n<\/div>\n<div class=\"event-body\">\n<div class=\"event-detail\"><strong>\ud83d\udcc5 Horaire :<\/strong>18h30<\/div>\n<div class=\"event-detail\"><strong>\ud83d\udccd Lieu :<\/strong>Salle Diamant 91<br \/>\n1 Rue Henri Dunant<br \/>\n91800 Bondoufle<\/div>\n<div class=\"event-guest\">\n<p><strong>\ud83c\udfa4 Invit\u00e9 Sp\u00e9cial :<\/strong><\/p>\n<div style=\"margin-top: 10px; font-size: 18px; color: var(--navy);\">ANTSAPRAISE<\/div>\n<\/div>\n<div style=\"margin-top: 20px; padding: 15px; background: var(--sand); border-radius: 8px;\"><strong style=\"color: var(--navy);\">\ud83d\udcb0 Tarifs :<\/strong>\u2022 Adulte : 30\u20ac<br \/>\n\u2022 Enfant (6-12 ans) : 15\u20ac<\/p>\n<p style=\"margin-top: 10px; color: var(--gold);\"><strong>\ud83c\udf81 Tombola : 3\u20ac<\/strong><\/p>\n<p style=\"font-size: 14px; font-style: italic; margin-top: 5px;\">1er lot : Billet d&rsquo;avion A\/R Paris-Tana<\/p>\n<\/div>\n<\/div>\n<\/div>\n<\/div>\n<\/section>\n<p><!-- Flyers --><\/p>\n<section class=\"flyers-section\">\n<h2 class=\"section-title\">\ud83d\udce2 Nos Communications<\/h2>\n<p style=\"text-align: center; max-width: 700px; margin: 0 auto 30px; font-size: 18px; color: #666;\">Retrouvez ci-dessous les visuels de communication diffus\u00e9s sur nos r\u00e9seaux sociaux<\/p>\n<div class=\"flyers-container\">\n<div class=\"flyer-item\">\n<div class=\"flyer-frame\"><img decoding=\"async\" src=\"https:\/\/fpma-vincennes.fr\/wp-content\/uploads\/2025\/10\/fpma-vincenne-15-anniversaire-logo.webp\" \/><\/div>\n<p style=\"font-weight: bold; color: var(--navy);\">Logo Anniversaire<\/p>\n<\/div>\n<div class=\"flyer-item\">\n<div class=\"flyer-frame\"><img decoding=\"async\" src=\"https:\/\/fpma-vincennes.fr\/wp-content\/uploads\/2025\/10\/FPMA-Vincennes-15eme-Culte-Celebration.webp\" \/><\/div>\n<p style=\"font-weight: bold; color: var(--navy);\">Culte de C\u00e9l\u00e9bration<\/p>\n<\/div>\n<div class=\"flyer-item\">\n<div class=\"flyer-frame\"><img decoding=\"async\" src=\"https:\/\/fpma-vincennes.fr\/wp-content\/uploads\/2025\/10\/FPMA-Vincennes-15eme-Fete-Gala.webp\" \/><\/div>\n<p style=\"font-weight: bold; color: var(--navy);\">Soir\u00e9e de Gala<\/p>\n<\/div>\n<\/div>\n<p style=\"text-align: center; margin-top: 30px; font-style: italic; color: #666;\">N&rsquo;h\u00e9sitez pas \u00e0 partager ces visuels sur vos r\u00e9seaux sociaux !<\/p>\n<\/section>\n<p><!-- Dons --><\/p>\n<section class=\"support-section\">\n<h2 class=\"section-title\">\ud83d\udc9d Soutenez Notre C\u00e9l\u00e9bration<\/h2>\n<div class=\"support-content\">\n<p class=\"support-text\">Chers fr\u00e8res et s\u0153urs, votre g\u00e9n\u00e9rosit\u00e9 est une b\u00e9n\u00e9diction pour notre communaut\u00e9. En participant financi\u00e8rement \u00e0 cette c\u00e9l\u00e9bration, vous contribuez \u00e0 honorer Dieu et \u00e0 fortifier notre \u00e9glise pour les ann\u00e9es \u00e0 venir.<\/p>\n<div class=\"donation-box\">\n<h3>\ud83d\ude4f Faites un Don<\/h3>\n<p style=\"font-size: 18px; margin-bottom: 25px;\">Chaque contribution, quelle que soit sa valeur, est pr\u00e9cieuse et appr\u00e9ci\u00e9e. Votre don permettra de couvrir les frais d&rsquo;organisation et de rendre cette c\u00e9l\u00e9bration m\u00e9morable pour tous.<\/p>\n<div class=\"contact-info\"><strong>\ud83d\udcde Contact pour les Dons<\/strong><strong>Responsable :<\/strong> Sandra R.<br \/>\n<strong>T\u00e9l\u00e9phone :<\/strong> +33 6 62 54 52 78<br \/>\n<strong>Email :<\/strong> ramahe.sandra@gmail.com<\/div>\n<div style=\"margin-top: 30px; padding: 20px; background: rgba(212,175,55,.20); border-radius: 10px;\">\n<p style=\"font-size: 16px; font-style: italic;\">\u00ab\u00a0Que chacun donne comme il l&rsquo;a r\u00e9solu en son c\u0153ur, sans tristesse ni contrainte; car Dieu aime celui qui donne avec joie.\u00a0\u00bb<br \/>\n<strong>2 Corinthiens 9:7<\/strong><\/p>\n<\/div>\n<p><a class=\"cta-button\" href=\"tel:+33662545278\">Appeler pour Contribuer<\/a><\/p>\n<\/div>\n<\/div>\n<\/section>\n<p><!-- Contact --><\/p>\n<section class=\"contact-section\">\n<h2 class=\"section-title\">\ud83d\udcde Besoin d&rsquo;Informations ?<\/h2>\n<p style=\"text-align: center; max-width: 700px; margin: 0 auto 30px; font-size: 18px; color: #666;\">Une personne d\u00e9di\u00e9e pour r\u00e9pondre \u00e0 toutes vos questions<\/p>\n<div class=\"contact-cards\">\n<div class=\"contact-card\">\n<div class=\"contact-icon\">\ud83d\udccb<\/div>\n<h3>Contact<\/h3>\n<p><strong>Sandra R.<\/strong><\/p>\n<p style=\"font-style: italic; color: var(--gold); margin: 10px 0;\">Responsable de l&rsquo;\u00e9v\u00e9nement<\/p>\n<p style=\"margin-top: 20px;\">Informations g\u00e9n\u00e9rales, r\u00e9servations, billetterie, dons et toutes autres questions<\/p>\n<div style=\"margin-top: 25px; padding: 20px; background: var(--sand); border-radius: 10px;\">\n<p style=\"margin: 8px 0;\"><strong>\ud83d\udcf1<\/strong> +33 6 62 54 52 78<\/p>\n<p style=\"margin: 8px 0;\"><strong>\u2709\ufe0f<\/strong> ramahe.sandra@gmail.com<\/p>\n<\/div>\n<\/div>\n<\/div>\n<div style=\"text-align: center; margin-top: 40px; padding: 30px; background: #fff; border-radius: 15px; max-width: 700px; margin-left: auto; margin-right: auto;\">\n<h3 style=\"color: var(--navy); margin-bottom: 15px; font-weight: bold;\">\ud83c\udfdb\ufe0f Adresse de l&rsquo;\u00c9glise<\/h3>\n<p style=\"font-size: 18px; color: #666;\"><strong>FPMA Vincennes<\/strong><br \/>\n15 Rue de la Fraternit\u00e9<br \/>\n94300 Vincennes<br \/>\nFrance<\/p>\n<\/div>\n<\/section>\n<p><!-- Footer --><\/p>\n<footer>\n<div class=\"footer-logo\">FPMA VINCENNES<\/div>\n<p>Fiangonana Velona Ka Miasa<\/p>\n<p style=\"margin-top: 20px; font-style: italic; color: #d4af37;\">15 Ann\u00e9es de Foi, d&rsquo;Esp\u00e9rance et d&rsquo;Amour<\/p>\n<p style=\"margin-top: 30px; font-size: 14px; opacity: .8;\">\u00a9 2025 FPMA Vincennes &#8211; Tous droits r\u00e9serv\u00e9s<\/p>\n<\/footer>\n<\/div>\n","protected":false},"excerpt":{"rendered":"<p>15\u00e8me Anniversaire FPMA Vincennes \u2022 Fiangonana Velona Ka Miasa \u00ab\u00a0Ainsi, mes fr\u00e8res bien-aim\u00e9s, soyez fermes, in\u00e9branlables, travaillant de mieux en mieux \u00e0 l&rsquo;\u0153uvre du Seigneur, sachant que votre travail ne sera pas vain dans le Seigneur.\u00a0\u00bb 1 Corinthiens 15:58 2010 &#8211; 2025 \u2022 15 Ans \ud83c\udf89 Programme des C\u00e9l\u00e9brations 9 Novembre 2025 Culte de C\u00e9l\u00e9bration \ud83d\udcc5 Horaire :15h00 \ud83d\udccd Lieu :15 Rue de la Fraternit\u00e9 94300 Vincennes \ud83c\udfaf Type :Culte d&rsquo;Action de Gr\u00e2ce Un moment solennel pour rendre gr\u00e2ce \u00e0&#8230;<\/p>\n<p class=\"read-more\"><a class=\"btn btn-default\" href=\"https:\/\/fpma-vincennes.fr\/index.php\/celebration-15eme-anniversaire\/\">Lire la suite<span class=\"screen-reader-text\"> Lire la suite<\/span><\/a><\/p>\n","protected":false},"author":37,"featured_media":0,"parent":0,"menu_order":0,"comment_status":"closed","ping_status":"closed","template":"","meta":{"inline_featured_image":false,"footnotes":""},"class_list":["post-3602","page","type-page","status-publish","hentry"],"_links":{"self":[{"href":"https:\/\/fpma-vincennes.fr\/index.php\/wp-json\/wp\/v2\/pages\/3602","targetHints":{"allow":["GET"]}}],"collection":[{"href":"https:\/\/fpma-vincennes.fr\/index.php\/wp-json\/wp\/v2\/pages"}],"about":[{"href":"https:\/\/fpma-vincennes.fr\/index.php\/wp-json\/wp\/v2\/types\/page"}],"author":[{"embeddable":true,"href":"https:\/\/fpma-vincennes.fr\/index.php\/wp-json\/wp\/v2\/users\/37"}],"replies":[{"embeddable":true,"href":"https:\/\/fpma-vincennes.fr\/index.php\/wp-json\/wp\/v2\/comments?post=3602"}],"version-history":[{"count":25,"href":"https:\/\/fpma-vincennes.fr\/index.php\/wp-json\/wp\/v2\/pages\/3602\/revisions"}],"predecessor-version":[{"id":3716,"href":"https:\/\/fpma-vincennes.fr\/index.php\/wp-json\/wp\/v2\/pages\/3602\/revisions\/3716"}],"wp:attachment":[{"href":"https:\/\/fpma-vincennes.fr\/index.php\/wp-json\/wp\/v2\/media?parent=3602"}],"curies":[{"name":"wp","href":"https:\/\/api.w.org\/{rel}","templated":true}]}}

Célébration du 15ème Anniversaire

<div class="fpma-anniv15">
<div class="hero">
<div class="hero-content">
<div class="shine-zone">
<div class="anniversary-badge">15ème</div>
<h1>Anniversaire</h1>
</div>
<p class="tagline">FPMA Vincennes • Fiangonana Velona Ka Miasa</p>
<div class="verse">« Ainsi, mes frères bien-aimés, soyez fermes, inébranlables, travaillant de mieux en mieux à l&rsquo;œuvre du Seigneur, sachant que votre travail ne sera pas vain dans le Seigneur. »<br />
<strong>1 Corinthiens 15:58</strong></div>
<p style="font-size: 24px; font-weight: bold; margin-top: 20px; color: var(--gold);">2010 &#8211; 2025 • 15 Ans</p>
</div>
</div>
<p><!-- Programme --></p>
<section class="programme-section">
<h2 class="section-title">🎉 Programme des Célébrations</h2>
<div class="events-grid">
<div class="event-card">
<div class="event-header">
<div class="event-date">9 Novembre 2025</div>
<h3 class="event-title">Culte de Célébration</h3>
</div>
<div class="event-body">
<div class="event-detail"><strong>📅 Horaire :</strong>15h00</div>
<div class="event-detail"><strong>📍 Lieu :</strong>15 Rue de la Fraternité<br />
94300 Vincennes</div>
<div class="event-detail"><strong>🎯 Type :</strong>Culte d&rsquo;Action de Grâce</div>
<p style="margin-top: 20px; font-style: italic; color: #666;">Un moment solennel pour rendre grâce à Dieu pour 15 années de bénédictions et de fidélité.</p>
</div>
</div>
<div class="event-card">
<div class="event-header">
<div class="event-date">29 Novembre 2025</div>
<h3 class="event-title">Soirée de Gala</h3>
</div>
<div class="event-body">
<div class="event-detail"><strong>📅 Horaire :</strong>18h30</div>
<div class="event-detail"><strong>📍 Lieu :</strong>Salle Diamant 91<br />
1 Rue Henri Dunant<br />
91800 Bondoufle</div>
<div class="event-guest">
<p><strong>🎤 Invité Spécial :</strong></p>
<div style="margin-top: 10px; font-size: 18px; color: var(--navy);">ANTSAPRAISE</div>
</div>
<div style="margin-top: 20px; padding: 15px; background: var(--sand); border-radius: 8px;"><strong style="color: var(--navy);">💰 Tarifs :</strong>• Adulte : 30€<br />
• Enfant (6-12 ans) : 15€</p>
<p style="margin-top: 10px; color: var(--gold);"><strong>🎁 Tombola : 3€</strong></p>
<p style="font-size: 14px; font-style: italic; margin-top: 5px;">1er lot : Billet d&rsquo;avion A/R Paris-Tana</p>
</div>
</div>
</div>
</div>
</section>
<p><!-- Flyers --></p>
<section class="flyers-section">
<h2 class="section-title">📢 Nos Communications</h2>
<p style="text-align: center; max-width: 700px; margin: 0 auto 30px; font-size: 18px; color: #666;">Retrouvez ci-dessous les visuels de communication diffusés sur nos réseaux sociaux</p>
<div class="flyers-container">
<div class="flyer-item">
<div class="flyer-frame"><img decoding="async" src="https://fpma-vincennes.fr/wp-content/uploads/2025/10/fpma-vincenne-15-anniversaire-logo.webp" /></div>
<p style="font-weight: bold; color: var(--navy);">Logo Anniversaire</p>
</div>
<div class="flyer-item">
<div class="flyer-frame"><img decoding="async" src="https://fpma-vincennes.fr/wp-content/uploads/2025/10/FPMA-Vincennes-15eme-Culte-Celebration.webp" /></div>
<p style="font-weight: bold; color: var(--navy);">Culte de Célébration</p>
</div>
<div class="flyer-item">
<div class="flyer-frame"><img decoding="async" src="https://fpma-vincennes.fr/wp-content/uploads/2025/10/FPMA-Vincennes-15eme-Fete-Gala.webp" /></div>
<p style="font-weight: bold; color: var(--navy);">Soirée de Gala</p>
</div>
</div>
<p style="text-align: center; margin-top: 30px; font-style: italic; color: #666;">N&rsquo;hésitez pas à partager ces visuels sur vos réseaux sociaux !</p>
</section>
<p><!-- Dons --></p>
<section class="support-section">
<h2 class="section-title">💝 Soutenez Notre Célébration</h2>
<div class="support-content">
<p class="support-text">Chers frères et sœurs, votre générosité est une bénédiction pour notre communauté. En participant financièrement à cette célébration, vous contribuez à honorer Dieu et à fortifier notre église pour les années à venir.</p>
<div class="donation-box">
<h3>🙏 Faites un Don</h3>
<p style="font-size: 18px; margin-bottom: 25px;">Chaque contribution, quelle que soit sa valeur, est précieuse et appréciée. Votre don permettra de couvrir les frais d&rsquo;organisation et de rendre cette célébration mémorable pour tous.</p>
<div class="contact-info"><strong>📞 Contact pour les Dons</strong><strong>Responsable :</strong> Sandra R.<br />
<strong>Téléphone :</strong> +33 6 62 54 52 78<br />
<strong>Email :</strong> ramahe.sandra@gmail.com</div>
<div style="margin-top: 30px; padding: 20px; background: rgba(212,175,55,.20); border-radius: 10px;">
<p style="font-size: 16px; font-style: italic;">« Que chacun donne comme il l&rsquo;a résolu en son cœur, sans tristesse ni contrainte; car Dieu aime celui qui donne avec joie. »<br />
<strong>2 Corinthiens 9:7</strong></p>
</div>
<p><a class="cta-button" href="tel:+33662545278">Appeler pour Contribuer</a></p>
</div>
</div>
</section>
<p><!-- Contact --></p>
<section class="contact-section">
<h2 class="section-title">📞 Besoin d&rsquo;Informations ?</h2>
<p style="text-align: center; max-width: 700px; margin: 0 auto 30px; font-size: 18px; color: #666;">Une personne dédiée pour répondre à toutes vos questions</p>
<div class="contact-cards">
<div class="contact-card">
<div class="contact-icon">📋</div>
<h3>Contact</h3>
<p><strong>Sandra R.</strong></p>
<p style="font-style: italic; color: var(--gold); margin: 10px 0;">Responsable de l&rsquo;événement</p>
<p style="margin-top: 20px;">Informations générales, réservations, billetterie, dons et toutes autres questions</p>
<div style="margin-top: 25px; padding: 20px; background: var(--sand); border-radius: 10px;">
<p style="margin: 8px 0;"><strong>📱</strong> +33 6 62 54 52 78</p>
<p style="margin: 8px 0;"><strong>✉️</strong> ramahe.sandra@gmail.com</p>
</div>
</div>
</div>
<div style="text-align: center; margin-top: 40px; padding: 30px; background: #fff; border-radius: 15px; max-width: 700px; margin-left: auto; margin-right: auto;">
<h3 style="color: var(--navy); margin-bottom: 15px; font-weight: bold;">🏛️ Adresse de l&rsquo;Église</h3>
<p style="font-size: 18px; color: #666;"><strong>FPMA Vincennes</strong><br />
15 Rue de la Fraternité<br />
94300 Vincennes<br />
France</p>
</div>
</section>
<p><!-- Footer --></p>
<footer>
<div class="footer-logo">FPMA VINCENNES</div>
<p>Fiangonana Velona Ka Miasa</p>
<p style="margin-top: 20px; font-style: italic; color: #d4af37;">15 Années de Foi, d&rsquo;Espérance et d&rsquo;Amour</p>
<p style="margin-top: 30px; font-size: 14px; opacity: .8;">© 2025 FPMA Vincennes &#8211; Tous droits réservés</p>
</footer>
</div>

<p>15ème Anniversaire FPMA Vincennes • Fiangonana Velona Ka Miasa « Ainsi, mes frères bien-aimés, soyez fermes, inébranlables, travaillant de mieux en mieux à l&rsquo;œuvre du Seigneur, sachant que votre travail ne sera pas vain dans le Seigneur. » 1 Corinthiens 15:58 2010 &#8211; 2025 • 15 Ans 🎉 Programme des Célébrations 9 Novembre 2025 Culte de Célébration 📅 Horaire :15h00 📍 Lieu :15 Rue de la Fraternité 94300 Vincennes 🎯 Type :Culte d&rsquo;Action de Grâce Un moment solennel pour rendre grâce à&#8230;</p>
<p class="read-more"><a class="btn btn-default" href="https://fpma-vincennes.fr/index.php/celebration-15eme-anniversaire/">Lire la suite<span class="screen-reader-text"> Lire la suite</span></a></p>
