{"id":41,"date":"2020-04-25T15:13:57","date_gmt":"2020-04-25T13:13:57","guid":{"rendered":"http:\/\/dev.rats8961.odns.fr\/?page_id=41"},"modified":"2021-04-10T08:55:07","modified_gmt":"2021-04-10T06:55:07","slug":"sft","status":"publish","type":"page","link":"https:\/\/fpma-vincennes.fr\/index.php\/sft\/","title":{"rendered":"\u00c9cole de la Parole"},"content":{"rendered":"\r\n<p>&nbsp;<\/p>\r\n\r\n<div class=\"wp-block-media-text alignwide\" style=\"grid-template-columns: 36% auto;\">\r\n<figure class=\"wp-block-media-text__media\"><img loading=\"lazy\" decoding=\"async\" width=\"1024\" height=\"768\" class=\"wp-image-377\" src=\"http:\/\/dev.rats8961.odns.fr\/wp-content\/uploads\/2020\/05\/logoFinal-1024x768.png\" alt=\"\" srcset=\"https:\/\/fpma-vincennes.fr\/wp-content\/uploads\/2020\/05\/logoFinal-1024x768.png 1024w, https:\/\/fpma-vincennes.fr\/wp-content\/uploads\/2020\/05\/logoFinal-300x225.png 300w, https:\/\/fpma-vincennes.fr\/wp-content\/uploads\/2020\/05\/logoFinal-768x576.png 768w, https:\/\/fpma-vincennes.fr\/wp-content\/uploads\/2020\/05\/logoFinal-1536x1152.png 1536w, https:\/\/fpma-vincennes.fr\/wp-content\/uploads\/2020\/05\/logoFinal-360x270.png 360w, https:\/\/fpma-vincennes.fr\/wp-content\/uploads\/2020\/05\/logoFinal.png 1600w\" sizes=\"auto, (max-width: 1024px) 100vw, 1024px\" \/><\/figure>\r\n<div class=\"wp-block-media-text__content\">\r\n<p>La <strong>SFT<\/strong> ou <strong>Sampana Fianarana ny Tenin&rsquo;Andriamanitra<\/strong> ou encore <strong>Section de l&rsquo;\u00e9tude de la Parole<\/strong> de Dieu est la section, comme son nom l&rsquo;indique, ayant comme principal but l&rsquo;\u00e9tude la parole de Dieu c&rsquo;est-\u00e0-dire la Bible.<\/p>\r\n<\/div>\r\n<\/div>\r\n\r\n\r\n\r\n<p>Elle est la section la plus jeune de la Fpma Vincennes cr\u00e9\u00e9e en 2017. Elle a pour mission d&rsquo;organiser des conf\u00e9rences, des \u00e9tudes bibliques, des cellules de pri\u00e8re et ainsi que diverses moyens mais pour un objectif principal, celui de grandir dans la connaissance de la parole. Elle est sous la direction du pasteur responsable de la Fpma.<\/p>\r\n\r\n\r\n\r\n<p>Elle est ouverte \u00e0 toute personne ayant cette soif de la parole. Mais pourquoi \u00e9tudier la bible?<\/p>\r\n\r\n\r\n\r\n<div class=\"bible-verse-container\"> <span>2 Timoth\u00e9e 3.16-17<\/span><p class=\"verset\"><sup class=\"bible-verse-ref-versets\">16<\/sup> Toute \u00c9criture est inspir\u00e9e de Dieu, et utile pour enseigner, pour convaincre, pour corriger, pour instruire dans la justice,\n<\/p><p class=\"verset\"><sup class=\"bible-verse-ref-versets\">17<\/sup> afin que l'homme de Dieu soit accompli et propre \u00e0\u00a0 toute bonne oeuvre.\n<\/p><\/div>\r\n\r\n\r\n\r\n<p>En d&rsquo;autres termes la bible est la parole Dieu, son \u00e9tude est utile sur le plan p\u00e9dagogique, apolog\u00e9tique, moral mais tout cela aura pour fin la sanctification dans la pratique des bonnes oeuvres.<\/p>\r\n<div class=\"bible-verse-container\"> <span>Marc 12.30<\/span><p class=\"verset\"><sup class=\"bible-verse-ref-versets\">30<\/sup> et: Tu aimeras le Seigneur, ton Dieu, de tout ton coeur, de toute ton \u00e2me, de toute ta pens\u00e9e, et de toute ta force.\n<\/p><\/div>\r\n\r\n\r\n\r\n\r\n\r\n<p>Mais l&rsquo;\u00e9tude de la bible nous permet aussi de r\u00e9aliser le commandement d&rsquo;aimer Dieu sur le plan intellectuel et de focaliser nos pens\u00e9es en Dieu.<\/p>\r\n\r\n\r\n\r\n<p>Ceci n&rsquo;est qu&rsquo;une breve introduction mais on sera ravi de vous voir dans une de nos \u00e9tudes pour partager plus.<\/p>\r\n\r\n\r\n\r\n<figure class=\"wp-block-embed-youtube wp-block-embed is-type-video is-provider-youtube wp-embed-aspect-16-9 wp-has-aspect-ratio\">\r\n<div class=\"wp-block-embed__wrapper\"><figure class=\"wp-block-embed wp-block-embed-youtube is-type-video is-provider-youtube epyt-figure\"><div class=\"wp-block-embed__wrapper\"><iframe loading=\"lazy\"  id=\"_ytid_35807\"  width=\"640\" height=\"360\"  data-origwidth=\"640\" data-origheight=\"360\" src=\"https:\/\/www.youtube.com\/embed\/HVMJB52b2cI?enablejsapi=1&autoplay=0&cc_load_policy=0&cc_lang_pref=&iv_load_policy=1&loop=0&rel=1&fs=1&playsinline=0&autohide=2&theme=dark&color=red&controls=1&\" class=\"__youtube_prefs__  no-lazyload\" title=\"YouTube player\"  allow=\"fullscreen; accelerometer; autoplay; clipboard-write; encrypted-media; gyroscope; picture-in-picture\" allowfullscreen data-no-lazy=\"1\" data-skipgform_ajax_framebjll=\"\"><\/iframe><\/div><\/figure><\/div>\r\n<\/figure>\r\n\r\n\r\n","protected":false},"excerpt":{"rendered":"","protected":false},"author":1,"featured_media":0,"parent":0,"menu_order":0,"comment_status":"closed","ping_status":"closed","template":"","meta":{"inline_featured_image":false,"footnotes":""},"class_list":["post-41","page","type-page","status-publish","hentry"],"_links":{"self":[{"href":"https:\/\/fpma-vincennes.fr\/index.php\/wp-json\/wp\/v2\/pages\/41","targetHints":{"allow":["GET"]}}],"collection":[{"href":"https:\/\/fpma-vincennes.fr\/index.php\/wp-json\/wp\/v2\/pages"}],"about":[{"href":"https:\/\/fpma-vincennes.fr\/index.php\/wp-json\/wp\/v2\/types\/page"}],"author":[{"embeddable":true,"href":"https:\/\/fpma-vincennes.fr\/index.php\/wp-json\/wp\/v2\/users\/1"}],"replies":[{"embeddable":true,"href":"https:\/\/fpma-vincennes.fr\/index.php\/wp-json\/wp\/v2\/comments?post=41"}],"version-history":[{"count":30,"href":"https:\/\/fpma-vincennes.fr\/index.php\/wp-json\/wp\/v2\/pages\/41\/revisions"}],"predecessor-version":[{"id":922,"href":"https:\/\/fpma-vincennes.fr\/index.php\/wp-json\/wp\/v2\/pages\/41\/revisions\/922"}],"wp:attachment":[{"href":"https:\/\/fpma-vincennes.fr\/index.php\/wp-json\/wp\/v2\/media?parent=41"}],"curies":[{"name":"wp","href":"https:\/\/api.w.org\/{rel}","templated":true}]}}

École de la Parole

<p>&nbsp;</p>

<div class="wp-block-media-text alignwide" style="grid-template-columns: 36% auto;">
<figure class="wp-block-media-text__media"><img loading="lazy" decoding="async" width="1024" height="768" class="wp-image-377" src="http://dev.rats8961.odns.fr/wp-content/uploads/2020/05/logoFinal-1024x768.png" alt="" srcset="https://fpma-vincennes.fr/wp-content/uploads/2020/05/logoFinal-1024x768.png 1024w, https://fpma-vincennes.fr/wp-content/uploads/2020/05/logoFinal-300x225.png 300w, https://fpma-vincennes.fr/wp-content/uploads/2020/05/logoFinal-768x576.png 768w, https://fpma-vincennes.fr/wp-content/uploads/2020/05/logoFinal-1536x1152.png 1536w, https://fpma-vincennes.fr/wp-content/uploads/2020/05/logoFinal-360x270.png 360w, https://fpma-vincennes.fr/wp-content/uploads/2020/05/logoFinal.png 1600w" sizes="auto, (max-width: 1024px) 100vw, 1024px" /></figure>
<div class="wp-block-media-text__content">
<p>La <strong>SFT</strong> ou <strong>Sampana Fianarana ny Tenin&rsquo;Andriamanitra</strong> ou encore <strong>Section de l&rsquo;étude de la Parole</strong> de Dieu est la section, comme son nom l&rsquo;indique, ayant comme principal but l&rsquo;étude la parole de Dieu c&rsquo;est-à-dire la Bible.</p>
</div>
</div>



<p>Elle est la section la plus jeune de la Fpma Vincennes créée en 2017. Elle a pour mission d&rsquo;organiser des conférences, des études bibliques, des cellules de prière et ainsi que diverses moyens mais pour un objectif principal, celui de grandir dans la connaissance de la parole. Elle est sous la direction du pasteur responsable de la Fpma.</p>



<p>Elle est ouverte à toute personne ayant cette soif de la parole. Mais pourquoi étudier la bible?</p>



<div class="bible-verse-container"> <span>2 Timothée 3.16-17</span><p class="verset"><sup class="bible-verse-ref-versets">16</sup> Toute Écriture est inspirée de Dieu, et utile pour enseigner, pour convaincre, pour corriger, pour instruire dans la justice,
</p><p class="verset"><sup class="bible-verse-ref-versets">17</sup> afin que l'homme de Dieu soit accompli et propre à  toute bonne oeuvre.
</p></div>



<p>En d&rsquo;autres termes la bible est la parole Dieu, son étude est utile sur le plan pédagogique, apologétique, moral mais tout cela aura pour fin la sanctification dans la pratique des bonnes oeuvres.</p>
<div class="bible-verse-container"> <span>Marc 12.30</span><p class="verset"><sup class="bible-verse-ref-versets">30</sup> et: Tu aimeras le Seigneur, ton Dieu, de tout ton coeur, de toute ton âme, de toute ta pensée, et de toute ta force.
</p></div>





<p>Mais l&rsquo;étude de la bible nous permet aussi de réaliser le commandement d&rsquo;aimer Dieu sur le plan intellectuel et de focaliser nos pensées en Dieu.</p>



<p>Ceci n&rsquo;est qu&rsquo;une breve introduction mais on sera ravi de vous voir dans une de nos études pour partager plus.</p>



<figure class="wp-block-embed-youtube wp-block-embed is-type-video is-provider-youtube wp-embed-aspect-16-9 wp-has-aspect-ratio">
<div class="wp-block-embed__wrapper"><figure class="wp-block-embed wp-block-embed-youtube is-type-video is-provider-youtube epyt-figure"><div class="wp-block-embed__wrapper"><iframe loading="lazy"  id="_ytid_35807"  width="640" height="360"  data-origwidth="640" data-origheight="360" src="https://www.youtube.com/embed/HVMJB52b2cI?enablejsapi=1&autoplay=0&cc_load_policy=0&cc_lang_pref=&iv_load_policy=1&loop=0&rel=1&fs=1&playsinline=0&autohide=2&theme=dark&color=red&controls=1&" class="__youtube_prefs__  no-lazyload" title="YouTube player"  allow="fullscreen; accelerometer; autoplay; clipboard-write; encrypted-media; gyroscope; picture-in-picture" allowfullscreen data-no-lazy="1" data-skipgform_ajax_framebjll=""></iframe></div></figure></div>
</figure>
