{"id":68,"date":"2020-04-26T11:20:51","date_gmt":"2020-04-26T09:20:51","guid":{"rendered":"http:\/\/dev.rats8961.odns.fr\/?page_id=68"},"modified":"2022-10-15T17:23:39","modified_gmt":"2022-10-15T15:23:39","slug":"fifohazana","status":"publish","type":"page","link":"https:\/\/fpma-vincennes.fr\/index.php\/fifohazana\/","title":{"rendered":"R\u00e9veil"},"content":{"rendered":"<p style=\"text-align: center;\"><strong>R\u00e9veille-toi, toi qui dors, Rel\u00e8ve-toi d&rsquo;entre les morts, Et Christ t&rsquo;\u00e9clairera. Eph\u00e9siens 5:14\u00a0<\/strong><\/p>\n<p>La section du \u00a0\u00bb R\u00e9veil \u00a0\u00bb\u00a0 regroupe les bergers (\u00e8res) au sein de l&rsquo;Eglise de la FPMA Vincennes. Elle a pour r\u00f4le d&rsquo;encadrer et de soutenir spirituellement les paroissiens, en collaboration avec Pasteur selon un fonctionnement et des rites d\u00e9finis par la discipline interne des bergers.<\/p>\n<p>Ainsi, les activit\u00e9s de la section coordonn\u00e9es par le Pasteur sont :<\/p>\n<ul>\n<li>la r\u00e9union des bergers et futurs bergers tous les premiers samedis du mois<\/li>\n<li>l&rsquo;\u00e9dification \u00e0 travers des \u00e9tudes bibliques<\/li>\n<li>la participation aux \u00e9v\u00e8nements des autres sections et de l&rsquo;Eglise<\/li>\n<li>l&rsquo;acte de d\u00e9livrance et l&rsquo;exhortation des paroissiens tous les deuxi\u00e8mes dimanches du mois.<\/li>\n<li>l&rsquo;accompagnement du foyer familial en r\u00e9ponse \u00e0 leur demande<\/li>\n<li>la visite et la participation au culte des autres FPMAs s\u0153urs en fonction du calendrier national.<\/li>\n<li>l&rsquo;incitation au r\u00e9veil spirituel et la consolidation de la foi par la Parole de Dieu<\/li>\n<li>l&rsquo;intercession par la pri\u00e8re de l&rsquo;\u00e9glise toute enti\u00e8re<\/li>\n<\/ul>\n<p>Les rencontres annuelles de la section sont :<\/p>\n<ul>\n<li>la convention annuelle organis\u00e9e par le bureau central national du R\u00e9veil de la FPMA la deuxi\u00e8me semaine de Juillet<\/li>\n<li>Le dimanche de la section en Juin<\/li>\n<li>l&rsquo;assembl\u00e9e g\u00e9n\u00e9rale regroupant tous les sympathisants de la section<\/li>\n<\/ul>\n<p>Pour contacter la section:<\/p>\n<ul>\n<li>Pr\u00e9sidente : <em>Vola Rasolofoson<\/em><\/li>\n<li>Tr\u00e9sorier : <em>Ny Toky Andriamanjato<\/em><\/li>\n<li>Secr\u00e9taire : <em>Lalatiana Ralambomanana<\/em><\/li>\n<\/ul>\n<p>&nbsp;<\/p>\n<figure id=\"attachment_1912\" aria-describedby=\"caption-attachment-1912\" style=\"width: 360px\" class=\"wp-caption aligncenter\"><img loading=\"lazy\" decoding=\"async\" class=\"wp-image-1912 \" src=\"https:\/\/fpma-vincennes.fr\/wp-content\/uploads\/2022\/08\/IMG20220717131501-300x225.jpg\" alt=\"\" width=\"360\" height=\"270\" srcset=\"https:\/\/fpma-vincennes.fr\/wp-content\/uploads\/2022\/08\/IMG20220717131501-300x225.jpg 300w, https:\/\/fpma-vincennes.fr\/wp-content\/uploads\/2022\/08\/IMG20220717131501-1024x768.jpg 1024w, https:\/\/fpma-vincennes.fr\/wp-content\/uploads\/2022\/08\/IMG20220717131501-768x576.jpg 768w, https:\/\/fpma-vincennes.fr\/wp-content\/uploads\/2022\/08\/IMG20220717131501-1536x1152.jpg 1536w, https:\/\/fpma-vincennes.fr\/wp-content\/uploads\/2022\/08\/IMG20220717131501-2048x1536.jpg 2048w, https:\/\/fpma-vincennes.fr\/wp-content\/uploads\/2022\/08\/IMG20220717131501-360x270.jpg 360w\" sizes=\"auto, (max-width: 360px) 100vw, 360px\" \/><figcaption id=\"caption-attachment-1912\" class=\"wp-caption-text\">Photo lors de la 33\u00e8me convention annuelle de la section du R\u00e9veil FPMA<\/figcaption><\/figure>\n<figure id=\"attachment_1911\" aria-describedby=\"caption-attachment-1911\" style=\"width: 360px\" class=\"wp-caption aligncenter\"><img loading=\"lazy\" decoding=\"async\" class=\"wp-image-1911\" src=\"https:\/\/fpma-vincennes.fr\/wp-content\/uploads\/2022\/08\/IMG-20220717-WA0022-300x225.jpg\" alt=\"\" width=\"360\" height=\"270\" srcset=\"https:\/\/fpma-vincennes.fr\/wp-content\/uploads\/2022\/08\/IMG-20220717-WA0022-300x225.jpg 300w, https:\/\/fpma-vincennes.fr\/wp-content\/uploads\/2022\/08\/IMG-20220717-WA0022-1024x768.jpg 1024w, https:\/\/fpma-vincennes.fr\/wp-content\/uploads\/2022\/08\/IMG-20220717-WA0022-768x576.jpg 768w, https:\/\/fpma-vincennes.fr\/wp-content\/uploads\/2022\/08\/IMG-20220717-WA0022-1536x1152.jpg 1536w, https:\/\/fpma-vincennes.fr\/wp-content\/uploads\/2022\/08\/IMG-20220717-WA0022-360x270.jpg 360w, https:\/\/fpma-vincennes.fr\/wp-content\/uploads\/2022\/08\/IMG-20220717-WA0022.jpg 1600w\" sizes=\"auto, (max-width: 360px) 100vw, 360px\" \/><figcaption id=\"caption-attachment-1911\" class=\"wp-caption-text\">Photo de la section du R\u00e9veil FPMA Vincennes lors de la 33\u00e8me convention annuelle<\/figcaption><\/figure>\n<figure id=\"attachment_1915\" aria-describedby=\"caption-attachment-1915\" style=\"width: 362px\" class=\"wp-caption aligncenter\"><img loading=\"lazy\" decoding=\"async\" class=\"wp-image-1915 \" src=\"https:\/\/fpma-vincennes.fr\/wp-content\/uploads\/2022\/08\/attachment1661455320302-300x225.jpg\" alt=\"\" width=\"362\" height=\"272\" srcset=\"https:\/\/fpma-vincennes.fr\/wp-content\/uploads\/2022\/08\/attachment1661455320302-300x225.jpg 300w, https:\/\/fpma-vincennes.fr\/wp-content\/uploads\/2022\/08\/attachment1661455320302-1024x768.jpg 1024w, https:\/\/fpma-vincennes.fr\/wp-content\/uploads\/2022\/08\/attachment1661455320302-768x576.jpg 768w, https:\/\/fpma-vincennes.fr\/wp-content\/uploads\/2022\/08\/attachment1661455320302-1536x1152.jpg 1536w, https:\/\/fpma-vincennes.fr\/wp-content\/uploads\/2022\/08\/attachment1661455320302-2048x1536.jpg 2048w, https:\/\/fpma-vincennes.fr\/wp-content\/uploads\/2022\/08\/attachment1661455320302-360x270.jpg 360w\" sizes=\"auto, (max-width: 362px) 100vw, 362px\" \/><figcaption id=\"caption-attachment-1915\" class=\"wp-caption-text\">Photo zanaka am-pielezana le dimanche de la section<\/figcaption><\/figure>\n<figure id=\"attachment_1923\" aria-describedby=\"caption-attachment-1923\" style=\"width: 225px\" class=\"wp-caption aligncenter\"><img loading=\"lazy\" decoding=\"async\" class=\"wp-image-1923 size-medium\" src=\"https:\/\/fpma-vincennes.fr\/wp-content\/uploads\/2022\/08\/IMG20220911114633-225x300.jpg\" alt=\"\" width=\"225\" height=\"300\" srcset=\"https:\/\/fpma-vincennes.fr\/wp-content\/uploads\/2022\/08\/IMG20220911114633-225x300.jpg 225w, https:\/\/fpma-vincennes.fr\/wp-content\/uploads\/2022\/08\/IMG20220911114633-768x1024.jpg 768w, https:\/\/fpma-vincennes.fr\/wp-content\/uploads\/2022\/08\/IMG20220911114633-1152x1536.jpg 1152w, https:\/\/fpma-vincennes.fr\/wp-content\/uploads\/2022\/08\/IMG20220911114633-1536x2048.jpg 1536w, https:\/\/fpma-vincennes.fr\/wp-content\/uploads\/2022\/08\/IMG20220911114633-203x270.jpg 203w, https:\/\/fpma-vincennes.fr\/wp-content\/uploads\/2022\/08\/IMG20220911114633-scaled.jpg 1920w\" sizes=\"auto, (max-width: 225px) 100vw, 225px\" \/><figcaption id=\"caption-attachment-1923\" class=\"wp-caption-text\">Bureau &#8211; Section R\u00e9veil &#8211; Retraite de l&rsquo;\u00e9glise<\/figcaption><\/figure>\n<p>&nbsp;<\/p>\n","protected":false},"excerpt":{"rendered":"<p>R\u00e9veille-toi, toi qui dors, Rel\u00e8ve-toi d&rsquo;entre les morts, Et Christ t&rsquo;\u00e9clairera. Eph\u00e9siens 5:14\u00a0 La section du \u00a0\u00bb R\u00e9veil \u00a0\u00bb\u00a0 regroupe les bergers (\u00e8res) au sein de l&rsquo;Eglise de la FPMA Vincennes. Elle a pour r\u00f4le d&rsquo;encadrer et de soutenir spirituellement les paroissiens, en collaboration avec Pasteur selon un fonctionnement et des rites d\u00e9finis par la discipline interne des bergers. Ainsi, les activit\u00e9s de la section coordonn\u00e9es par le Pasteur sont : la r\u00e9union des bergers et futurs bergers tous les&#8230;<\/p>\n<p class=\"read-more\"><a class=\"btn btn-default\" href=\"https:\/\/fpma-vincennes.fr\/index.php\/fifohazana\/\">Lire la suite<span class=\"screen-reader-text\"> Lire la suite<\/span><\/a><\/p>\n","protected":false},"author":1,"featured_media":0,"parent":0,"menu_order":0,"comment_status":"closed","ping_status":"closed","template":"","meta":{"inline_featured_image":false,"footnotes":""},"class_list":["post-68","page","type-page","status-publish","hentry"],"_links":{"self":[{"href":"https:\/\/fpma-vincennes.fr\/index.php\/wp-json\/wp\/v2\/pages\/68","targetHints":{"allow":["GET"]}}],"collection":[{"href":"https:\/\/fpma-vincennes.fr\/index.php\/wp-json\/wp\/v2\/pages"}],"about":[{"href":"https:\/\/fpma-vincennes.fr\/index.php\/wp-json\/wp\/v2\/types\/page"}],"author":[{"embeddable":true,"href":"https:\/\/fpma-vincennes.fr\/index.php\/wp-json\/wp\/v2\/users\/1"}],"replies":[{"embeddable":true,"href":"https:\/\/fpma-vincennes.fr\/index.php\/wp-json\/wp\/v2\/comments?post=68"}],"version-history":[{"count":6,"href":"https:\/\/fpma-vincennes.fr\/index.php\/wp-json\/wp\/v2\/pages\/68\/revisions"}],"predecessor-version":[{"id":1929,"href":"https:\/\/fpma-vincennes.fr\/index.php\/wp-json\/wp\/v2\/pages\/68\/revisions\/1929"}],"wp:attachment":[{"href":"https:\/\/fpma-vincennes.fr\/index.php\/wp-json\/wp\/v2\/media?parent=68"}],"curies":[{"name":"wp","href":"https:\/\/api.w.org\/{rel}","templated":true}]}}

Réveil

<p style="text-align: center;"><strong>Réveille-toi, toi qui dors, Relève-toi d&rsquo;entre les morts, Et Christ t&rsquo;éclairera. Ephésiens 5:14 </strong></p>
<p>La section du  » Réveil  »  regroupe les bergers (ères) au sein de l&rsquo;Eglise de la FPMA Vincennes. Elle a pour rôle d&rsquo;encadrer et de soutenir spirituellement les paroissiens, en collaboration avec Pasteur selon un fonctionnement et des rites définis par la discipline interne des bergers.</p>
<p>Ainsi, les activités de la section coordonnées par le Pasteur sont :</p>
<ul>
<li>la réunion des bergers et futurs bergers tous les premiers samedis du mois</li>
<li>l&rsquo;édification à travers des études bibliques</li>
<li>la participation aux évènements des autres sections et de l&rsquo;Eglise</li>
<li>l&rsquo;acte de délivrance et l&rsquo;exhortation des paroissiens tous les deuxièmes dimanches du mois.</li>
<li>l&rsquo;accompagnement du foyer familial en réponse à leur demande</li>
<li>la visite et la participation au culte des autres FPMAs sœurs en fonction du calendrier national.</li>
<li>l&rsquo;incitation au réveil spirituel et la consolidation de la foi par la Parole de Dieu</li>
<li>l&rsquo;intercession par la prière de l&rsquo;église toute entière</li>
</ul>
<p>Les rencontres annuelles de la section sont :</p>
<ul>
<li>la convention annuelle organisée par le bureau central national du Réveil de la FPMA la deuxième semaine de Juillet</li>
<li>Le dimanche de la section en Juin</li>
<li>l&rsquo;assemblée générale regroupant tous les sympathisants de la section</li>
</ul>
<p>Pour contacter la section:</p>
<ul>
<li>Présidente : <em>Vola Rasolofoson</em></li>
<li>Trésorier : <em>Ny Toky Andriamanjato</em></li>
<li>Secrétaire : <em>Lalatiana Ralambomanana</em></li>
</ul>
<p>&nbsp;</p>
<figure id="attachment_1912" aria-describedby="caption-attachment-1912" style="width: 360px" class="wp-caption aligncenter"><img loading="lazy" decoding="async" class="wp-image-1912 " src="https://fpma-vincennes.fr/wp-content/uploads/2022/08/IMG20220717131501-300x225.jpg" alt="" width="360" height="270" srcset="https://fpma-vincennes.fr/wp-content/uploads/2022/08/IMG20220717131501-300x225.jpg 300w, https://fpma-vincennes.fr/wp-content/uploads/2022/08/IMG20220717131501-1024x768.jpg 1024w, https://fpma-vincennes.fr/wp-content/uploads/2022/08/IMG20220717131501-768x576.jpg 768w, https://fpma-vincennes.fr/wp-content/uploads/2022/08/IMG20220717131501-1536x1152.jpg 1536w, https://fpma-vincennes.fr/wp-content/uploads/2022/08/IMG20220717131501-2048x1536.jpg 2048w, https://fpma-vincennes.fr/wp-content/uploads/2022/08/IMG20220717131501-360x270.jpg 360w" sizes="auto, (max-width: 360px) 100vw, 360px" /><figcaption id="caption-attachment-1912" class="wp-caption-text">Photo lors de la 33ème convention annuelle de la section du Réveil FPMA</figcaption></figure>
<figure id="attachment_1911" aria-describedby="caption-attachment-1911" style="width: 360px" class="wp-caption aligncenter"><img loading="lazy" decoding="async" class="wp-image-1911" src="https://fpma-vincennes.fr/wp-content/uploads/2022/08/IMG-20220717-WA0022-300x225.jpg" alt="" width="360" height="270" srcset="https://fpma-vincennes.fr/wp-content/uploads/2022/08/IMG-20220717-WA0022-300x225.jpg 300w, https://fpma-vincennes.fr/wp-content/uploads/2022/08/IMG-20220717-WA0022-1024x768.jpg 1024w, https://fpma-vincennes.fr/wp-content/uploads/2022/08/IMG-20220717-WA0022-768x576.jpg 768w, https://fpma-vincennes.fr/wp-content/uploads/2022/08/IMG-20220717-WA0022-1536x1152.jpg 1536w, https://fpma-vincennes.fr/wp-content/uploads/2022/08/IMG-20220717-WA0022-360x270.jpg 360w, https://fpma-vincennes.fr/wp-content/uploads/2022/08/IMG-20220717-WA0022.jpg 1600w" sizes="auto, (max-width: 360px) 100vw, 360px" /><figcaption id="caption-attachment-1911" class="wp-caption-text">Photo de la section du Réveil FPMA Vincennes lors de la 33ème convention annuelle</figcaption></figure>
<figure id="attachment_1915" aria-describedby="caption-attachment-1915" style="width: 362px" class="wp-caption aligncenter"><img loading="lazy" decoding="async" class="wp-image-1915 " src="https://fpma-vincennes.fr/wp-content/uploads/2022/08/attachment1661455320302-300x225.jpg" alt="" width="362" height="272" srcset="https://fpma-vincennes.fr/wp-content/uploads/2022/08/attachment1661455320302-300x225.jpg 300w, https://fpma-vincennes.fr/wp-content/uploads/2022/08/attachment1661455320302-1024x768.jpg 1024w, https://fpma-vincennes.fr/wp-content/uploads/2022/08/attachment1661455320302-768x576.jpg 768w, https://fpma-vincennes.fr/wp-content/uploads/2022/08/attachment1661455320302-1536x1152.jpg 1536w, https://fpma-vincennes.fr/wp-content/uploads/2022/08/attachment1661455320302-2048x1536.jpg 2048w, https://fpma-vincennes.fr/wp-content/uploads/2022/08/attachment1661455320302-360x270.jpg 360w" sizes="auto, (max-width: 362px) 100vw, 362px" /><figcaption id="caption-attachment-1915" class="wp-caption-text">Photo zanaka am-pielezana le dimanche de la section</figcaption></figure>
<figure id="attachment_1923" aria-describedby="caption-attachment-1923" style="width: 225px" class="wp-caption aligncenter"><img loading="lazy" decoding="async" class="wp-image-1923 size-medium" src="https://fpma-vincennes.fr/wp-content/uploads/2022/08/IMG20220911114633-225x300.jpg" alt="" width="225" height="300" srcset="https://fpma-vincennes.fr/wp-content/uploads/2022/08/IMG20220911114633-225x300.jpg 225w, https://fpma-vincennes.fr/wp-content/uploads/2022/08/IMG20220911114633-768x1024.jpg 768w, https://fpma-vincennes.fr/wp-content/uploads/2022/08/IMG20220911114633-1152x1536.jpg 1152w, https://fpma-vincennes.fr/wp-content/uploads/2022/08/IMG20220911114633-1536x2048.jpg 1536w, https://fpma-vincennes.fr/wp-content/uploads/2022/08/IMG20220911114633-203x270.jpg 203w, https://fpma-vincennes.fr/wp-content/uploads/2022/08/IMG20220911114633-scaled.jpg 1920w" sizes="auto, (max-width: 225px) 100vw, 225px" /><figcaption id="caption-attachment-1923" class="wp-caption-text">Bureau &#8211; Section Réveil &#8211; Retraite de l&rsquo;église</figcaption></figure>
<p>&nbsp;</p>

<p>Réveille-toi, toi qui dors, Relève-toi d&rsquo;entre les morts, Et Christ t&rsquo;éclairera. Ephésiens 5:14  La section du  » Réveil  »  regroupe les bergers (ères) au sein de l&rsquo;Eglise de la FPMA Vincennes. Elle a pour rôle d&rsquo;encadrer et de soutenir spirituellement les paroissiens, en collaboration avec Pasteur selon un fonctionnement et des rites définis par la discipline interne des bergers. Ainsi, les activités de la section coordonnées par le Pasteur sont : la réunion des bergers et futurs bergers tous les&#8230;</p>
<p class="read-more"><a class="btn btn-default" href="https://fpma-vincennes.fr/index.php/fifohazana/">Lire la suite<span class="screen-reader-text"> Lire la suite</span></a></p>
