{"id":70,"date":"2020-04-26T11:21:03","date_gmt":"2020-04-26T09:21:03","guid":{"rendered":"http:\/\/dev.rats8961.odns.fr\/?page_id=70"},"modified":"2020-07-01T18:47:22","modified_gmt":"2020-07-01T16:47:22","slug":"vokovoko-manga","status":"publish","type":"page","link":"https:\/\/fpma-vincennes.fr\/index.php\/vokovoko-manga\/","title":{"rendered":"Croix bleue"},"content":{"rendered":"<div class=\"bible-verse-container\"> <span>Eph\u00e9siens 5.18<\/span><p class=\"verset\"><sup class=\"bible-verse-ref-versets\">18<\/sup> Ne vous enivrez pas de vin: c'est de la d\u00e9bauche. Soyez, au contraire, remplis de l'Esprit;\n<\/p><\/div>\n<p>La section \u00ab <em><strong>Croix Bleu<\/strong> <\/em>\u00bb a pour objet de sensibiliser et d&rsquo;\u00e9duquer, en se basant<br \/>\nsur les saintes \u00e9critures, sur les m\u00e9faits de l&rsquo;alcool et de la drogue.<\/p>\n","protected":false},"excerpt":{"rendered":"<p>La section \u00ab Croix Bleu \u00bb a pour objet de sensibiliser et d&rsquo;\u00e9duquer, en se basant sur les saintes \u00e9critures, sur les m\u00e9faits de l&rsquo;alcool et de la drogue.<\/p>\n","protected":false},"author":1,"featured_media":0,"parent":0,"menu_order":0,"comment_status":"closed","ping_status":"closed","template":"","meta":{"inline_featured_image":false,"footnotes":""},"class_list":["post-70","page","type-page","status-publish","hentry"],"_links":{"self":[{"href":"https:\/\/fpma-vincennes.fr\/index.php\/wp-json\/wp\/v2\/pages\/70","targetHints":{"allow":["GET"]}}],"collection":[{"href":"https:\/\/fpma-vincennes.fr\/index.php\/wp-json\/wp\/v2\/pages"}],"about":[{"href":"https:\/\/fpma-vincennes.fr\/index.php\/wp-json\/wp\/v2\/types\/page"}],"author":[{"embeddable":true,"href":"https:\/\/fpma-vincennes.fr\/index.php\/wp-json\/wp\/v2\/users\/1"}],"replies":[{"embeddable":true,"href":"https:\/\/fpma-vincennes.fr\/index.php\/wp-json\/wp\/v2\/comments?post=70"}],"version-history":[{"count":4,"href":"https:\/\/fpma-vincennes.fr\/index.php\/wp-json\/wp\/v2\/pages\/70\/revisions"}],"predecessor-version":[{"id":569,"href":"https:\/\/fpma-vincennes.fr\/index.php\/wp-json\/wp\/v2\/pages\/70\/revisions\/569"}],"wp:attachment":[{"href":"https:\/\/fpma-vincennes.fr\/index.php\/wp-json\/wp\/v2\/media?parent=70"}],"curies":[{"name":"wp","href":"https:\/\/api.w.org\/{rel}","templated":true}]}}