{"id":788,"date":"2021-03-04T10:15:42","date_gmt":"2021-03-04T09:15:42","guid":{"rendered":"https:\/\/fpma-vincennes.fr\/?page_id=788"},"modified":"2021-04-15T17:40:35","modified_gmt":"2021-04-15T15:40:35","slug":"articles","status":"publish","type":"page","link":"https:\/\/fpma-vincennes.fr\/index.php\/articles\/","title":{"rendered":"Enseignements"},"content":{"rendered":"<p>Dans cette page figure plusieurs articles (enseignements, conf\u00e9rences, pr\u00e9dications, etc).<\/p>\n<ul>\n<li><a href=\"https:\/\/fpma-vincennes.fr\/index.php\/2021\/03\/04\/gestion-de-conflit\/\">Gestion des conflits<\/a> par des pasteurs de la r\u00e9gion FAFATS<\/li>\n<li><a href=\"https:\/\/fpma-vincennes.fr\/index.php\/2021\/03\/04\/le-danger-des-sectes\/\">Le danger des sectes<\/a> par le Pasteur <strong>RANDRIAMANANTENA Th\u00e9odore\u00a0<\/strong><\/li>\n<\/ul>\n","protected":false},"excerpt":{"rendered":"<p>Dans cette page figure plusieurs articles (enseignements, conf\u00e9rences, pr\u00e9dications, etc). Gestion des conflits par des pasteurs de la r\u00e9gion FAFATS Le danger des sectes par le Pasteur RANDRIAMANANTENA Th\u00e9odore\u00a0<\/p>\n","protected":false},"author":1,"featured_media":0,"parent":0,"menu_order":0,"comment_status":"closed","ping_status":"closed","template":"","meta":{"inline_featured_image":false,"footnotes":""},"class_list":["post-788","page","type-page","status-publish","hentry"],"_links":{"self":[{"href":"https:\/\/fpma-vincennes.fr\/index.php\/wp-json\/wp\/v2\/pages\/788","targetHints":{"allow":["GET"]}}],"collection":[{"href":"https:\/\/fpma-vincennes.fr\/index.php\/wp-json\/wp\/v2\/pages"}],"about":[{"href":"https:\/\/fpma-vincennes.fr\/index.php\/wp-json\/wp\/v2\/types\/page"}],"author":[{"embeddable":true,"href":"https:\/\/fpma-vincennes.fr\/index.php\/wp-json\/wp\/v2\/users\/1"}],"replies":[{"embeddable":true,"href":"https:\/\/fpma-vincennes.fr\/index.php\/wp-json\/wp\/v2\/comments?post=788"}],"version-history":[{"count":10,"href":"https:\/\/fpma-vincennes.fr\/index.php\/wp-json\/wp\/v2\/pages\/788\/revisions"}],"predecessor-version":[{"id":1013,"href":"https:\/\/fpma-vincennes.fr\/index.php\/wp-json\/wp\/v2\/pages\/788\/revisions\/1013"}],"wp:attachment":[{"href":"https:\/\/fpma-vincennes.fr\/index.php\/wp-json\/wp\/v2\/media?parent=788"}],"curies":[{"name":"wp","href":"https:\/\/api.w.org\/{rel}","templated":true}]}}