{"id":79,"date":"2020-04-26T11:23:37","date_gmt":"2020-04-26T09:23:37","guid":{"rendered":"http:\/\/dev.rats8961.odns.fr\/?page_id=79"},"modified":"2025-02-25T00:16:32","modified_gmt":"2025-02-24T23:16:32","slug":"jeunes-2","status":"publish","type":"page","link":"https:\/\/fpma-vincennes.fr\/index.php\/jeunes-2\/","title":{"rendered":"Jeunes &#8211; Tanora"},"content":{"rendered":"<div class=\"bible-verse-container\"> <span>Eph\u00e9siens 4.2-3<\/span><p class=\"verset\"><sup class=\"bible-verse-ref-versets\">2<\/sup> en toute humilit\u00e9 et douceur, avec patience, vous supportant les uns les autres avec charit\u00e9,\n<\/p><p class=\"verset\"><sup class=\"bible-verse-ref-versets\">3<\/sup> vous effor\u00e0\u00a7ant de conserver l'unit\u00e9 de l'esprit par le lien de la paix.\n<\/p><\/div>\n<div><\/div>\n<blockquote><p>La section des <strong><em>Jeunes chr\u00e9tiens<\/em> <\/strong>(\u00ab Sampana Tanora Kristiana \u2013 <em><strong>STK<\/strong><\/em> \u00bb) a pour<br \/>\nobjectif de :<\/p><\/blockquote>\n<ul>\n<li style=\"font-weight: 400;\" aria-level=\"1\"><b>Investir dans l\u2019Unit\u00e9 dans l\u2019Eglise<\/b><\/li>\n<li style=\"font-weight: 400;\" aria-level=\"1\"><b>D\u00e9velopper une Famille<\/b><\/li>\n<li style=\"font-weight: 400;\" aria-level=\"1\"><b>Grandir en Christ<\/b><\/li>\n<\/ul>\n<p><span style=\"text-decoration: underline;\">Pr\u00e9sidente<\/span> : Andr\u00e9a RAMARIELINA<\/p>\n<p><span style=\"text-decoration: underline;\">Vice-Pr\u00e9sidente<\/span> : Cynthia ANDRIAMPARIVONY<\/p>\n<p><span style=\"text-decoration: underline;\">Tr\u00e9sorier<\/span> : Lucas RATOVELOSOA<\/p>\n<p><span style=\"text-decoration: underline;\">Gestionnaire<\/span> : Andry RASOLOFOSON<\/p>\n<p><span style=\"text-decoration: underline;\">Secr\u00e9taire 1<\/span> : Antonio HARIVONY<\/p>\n<p><span style=\"text-decoration: underline;\">Secr\u00e9taire 2<\/span> : Hanja RAMARLINA<\/p>\n<p><span style=\"text-decoration: underline;\">Conseill\u00e8re<\/span>: Felana RAMARLINA<\/p>\n<p>&nbsp;<\/p>\n<p><em>Suivez-nous sur nos r\u00e9seaux:<\/em><\/p>\n<div><em><a href=\"https:\/\/www.instagram.com\/stk.fpmavincennes\/\">Instagram &#8211; STKVincennes<\/a><\/em><\/div>\n<div><em><a href=\"https:\/\/www.facebook.com\/stk.vincennes\">Facebook &#8211; STKVincennes<\/a><\/em><\/div>\n<div><em><a href=\"https:\/\/www.youtube.com\/@STKFPMAVINCENNES\">Youtube &#8211; STKVincennes<\/a><\/em><\/div>\n<p>&nbsp;<\/p>\n<p>&nbsp;<\/p>\n","protected":false},"excerpt":{"rendered":"<p>La section des Jeunes chr\u00e9tiens (\u00ab Sampana Tanora Kristiana \u2013 STK \u00bb) a pour objectif de : Investir dans l\u2019Unit\u00e9 dans l\u2019Eglise D\u00e9velopper une Famille Grandir en Christ Pr\u00e9sidente : Andr\u00e9a RAMARIELINA Vice-Pr\u00e9sidente : Cynthia ANDRIAMPARIVONY Tr\u00e9sorier : Lucas RATOVELOSOA Gestionnaire : Andry RASOLOFOSON Secr\u00e9taire 1 : Antonio HARIVONY Secr\u00e9taire 2 : Hanja RAMARLINA Conseill\u00e8re: Felana RAMARLINA &nbsp; Suivez-nous sur nos r\u00e9seaux: Instagram &#8211; STKVincennes Facebook &#8211; STKVincennes Youtube &#8211; STKVincennes &nbsp; &nbsp;<\/p>\n","protected":false},"author":1,"featured_media":0,"parent":0,"menu_order":0,"comment_status":"closed","ping_status":"closed","template":"","meta":{"inline_featured_image":false,"footnotes":""},"class_list":["post-79","page","type-page","status-publish","hentry"],"_links":{"self":[{"href":"https:\/\/fpma-vincennes.fr\/index.php\/wp-json\/wp\/v2\/pages\/79","targetHints":{"allow":["GET"]}}],"collection":[{"href":"https:\/\/fpma-vincennes.fr\/index.php\/wp-json\/wp\/v2\/pages"}],"about":[{"href":"https:\/\/fpma-vincennes.fr\/index.php\/wp-json\/wp\/v2\/types\/page"}],"author":[{"embeddable":true,"href":"https:\/\/fpma-vincennes.fr\/index.php\/wp-json\/wp\/v2\/users\/1"}],"replies":[{"embeddable":true,"href":"https:\/\/fpma-vincennes.fr\/index.php\/wp-json\/wp\/v2\/comments?post=79"}],"version-history":[{"count":21,"href":"https:\/\/fpma-vincennes.fr\/index.php\/wp-json\/wp\/v2\/pages\/79\/revisions"}],"predecessor-version":[{"id":3234,"href":"https:\/\/fpma-vincennes.fr\/index.php\/wp-json\/wp\/v2\/pages\/79\/revisions\/3234"}],"wp:attachment":[{"href":"https:\/\/fpma-vincennes.fr\/index.php\/wp-json\/wp\/v2\/media?parent=79"}],"curies":[{"name":"wp","href":"https:\/\/api.w.org\/{rel}","templated":true}]}}

<div class="bible-verse-container"> <span>Ephésiens 4.2-3</span><p class="verset"><sup class="bible-verse-ref-versets">2</sup> en toute humilité et douceur, avec patience, vous supportant les uns les autres avec charité,
</p><p class="verset"><sup class="bible-verse-ref-versets">3</sup> vous efforà§ant de conserver l'unité de l'esprit par le lien de la paix.
</p></div>
<div></div>
<blockquote><p>La section des <strong><em>Jeunes chrétiens</em> </strong>(« Sampana Tanora Kristiana – <em><strong>STK</strong></em> ») a pour<br />
objectif de :</p></blockquote>
<ul>
<li style="font-weight: 400;" aria-level="1"><b>Investir dans l’Unité dans l’Eglise</b></li>
<li style="font-weight: 400;" aria-level="1"><b>Développer une Famille</b></li>
<li style="font-weight: 400;" aria-level="1"><b>Grandir en Christ</b></li>
</ul>
<p><span style="text-decoration: underline;">Présidente</span> : Andréa RAMARIELINA</p>
<p><span style="text-decoration: underline;">Vice-Présidente</span> : Cynthia ANDRIAMPARIVONY</p>
<p><span style="text-decoration: underline;">Trésorier</span> : Lucas RATOVELOSOA</p>
<p><span style="text-decoration: underline;">Gestionnaire</span> : Andry RASOLOFOSON</p>
<p><span style="text-decoration: underline;">Secrétaire 1</span> : Antonio HARIVONY</p>
<p><span style="text-decoration: underline;">Secrétaire 2</span> : Hanja RAMARLINA</p>
<p><span style="text-decoration: underline;">Conseillère</span>: Felana RAMARLINA</p>
<p>&nbsp;</p>
<p><em>Suivez-nous sur nos réseaux:</em></p>
<div><em><a href="https://www.instagram.com/stk.fpmavincennes/">Instagram &#8211; STKVincennes</a></em></div>
<div><em><a href="https://www.facebook.com/stk.vincennes">Facebook &#8211; STKVincennes</a></em></div>
<div><em><a href="https://www.youtube.com/@STKFPMAVINCENNES">Youtube &#8211; STKVincennes</a></em></div>
<p>&nbsp;</p>
<p>&nbsp;</p>

<p>La section des Jeunes chrétiens (« Sampana Tanora Kristiana – STK ») a pour objectif de : Investir dans l’Unité dans l’Eglise Développer une Famille Grandir en Christ Présidente : Andréa RAMARIELINA Vice-Présidente : Cynthia ANDRIAMPARIVONY Trésorier : Lucas RATOVELOSOA Gestionnaire : Andry RASOLOFOSON Secrétaire 1 : Antonio HARIVONY Secrétaire 2 : Hanja RAMARLINA Conseillère: Felana RAMARLINA &nbsp; Suivez-nous sur nos réseaux: Instagram &#8211; STKVincennes Facebook &#8211; STKVincennes Youtube &#8211; STKVincennes &nbsp; &nbsp;</p>
